en 201 is divided by 100.
1
Calculate the remainder when 528 is divided by 67.
59
Calculate the remainder when 973 is divided by 202.
165
Calculate the remainder when 712 is divided by 345.
22
Calculate the remainder when 414 is divided by 52.
50
Calculate the remainder when 1731 is divided by 145.
136
Calculate the remainder when 363 is divided by 61.
58
Calculate the remainder when 226 is divided by 73.
7
What is the remainder when 3000 is divided by 38?
36
Calculate the remainder when 161 is divided by 45.
26
What is the remainder when 941 is divided by 73?
65
What is the remainder when 1628 is divided by 48?
44
Calculate the remainder when 361 is divided by 206.
155
Calculate the remainder when 137 is divided by 112.
25
Calculate the remainder when 62 is divided by 47.
15
What is the remainder when 143 is divided by 45?
8
What is the remainder when 329 is divided by 166?
163
What is the remainder when 2015 is divided by 196?
55
Calculate the remainder when 583 is divided by 98.
93
Calculate the remainder when 149 is divided by 68.
13
Calculate the remainder when 370 is divided by 22.
18
Calculate the remainder when 120 is divided by 105.
15
Calculate the remainder when 14359 is divided by 86.
83
What is the remainder when 36429 is divided by 69?
66
What is the remainder when 258 is divided by 91?
76
What is the remainder when 315 is divided by 101?
12
Calculate the remainder when 1617 is divided by 233.
219
Calculate the remainder when 365 is divided by 46.
43
Calculate the remainder when 301 is divided by 144.
13
Calculate the remainder when 634 is divided by 204.
22
What is the remainder when 93 is divided by 8?
5
What is the remainder when 958 is divided by 42?
34
What is the remainder when 1588 is divided by 112?
20
Calculate the remainder when 325 is divided by 33.
28
Calculate the remainder when 191 is divided by 15.
11
What is the remainder when 724 is divided by 191?
151
What is the remainder when 55 is divided by 28?
27
What is the remainder when 26 is divided by 2?
0
What is the remainder when 298 is divided by 164?
134
What is the remainder when 171 is divided by 47?
30
Calculate the remainder when 2305 is divided by 572.
17
What is the remainder when 4379 is divided by 43?
36
What is the remainder when 3465 is divided by 383?
18
Calculate the remainder when 40125 is divided by 264.
261
Calculate the remainder when 271 is divided by 40.
31
Calculate the remainder when 241 is divided by 141.
100
What is the remainder when 53 is divided by 10?
3
Calculate the remainder when 4927 is divided by 141.
133
What is the remainder when 1495 is divided by 60?
55
Calculate the remainder when 50 is divided by 28.
22
Calculate the remainder when 4739 is divided by 1576.
11
Calculate the remainder when 9364 is divided by 5.
4
What is the remainder when 404 is divided by 45?
44
What is the remainder when 180 is divided by 60?
0
Calculate the remainder when 210 is divided by 28.
14
Calculate the remainder when 359 is divided by 5.
4
What is the remainder when 380 is divided by 45?
20
Calculate the remainder when 93 is divided by 4.
1
What is the remainder when 150 is divided by 109?
41
What is the remainder when 490 is divided by 160?
10
What is the remainder when 908 is divided by 37?
20
Calculate the remainder when 3689 is divided by 53.
32
What is the remainder when 824 is divided by 7?
5
Calculate the remainder when 862 is divided by 219.
205
What is the remainder when 30 is divided by 19?
11
What is the remainder when 6423 is divided by 34?
31
Calculate the remainder when 1043 is divided by 341.
20
Calculate the remainder when 1855 is divided by 64.
63
What is the remainder when 269 is divided by 46?
39
What is the remainder when 449 is divided by 224?
1
Calculate the remainder when 1636 is divided by 90.
16
Calculate the remainder when 6393 is divided by 23.
22
What is the remainder when 242 is divided by 76?
14
Calculate the remainder when 215 is divided by 10.
5
Calculate the remainder when 7 is divided by 3.
1
What is the remainder when 854 is divided by 121?
7
What is the remainder when 96 is divided by 28?
12
Calculate the remainder when 308 is divided by 21.
14
What is the remainder when 328 is divided by 109?
1
What is the remainder when 491 is divided by 84?
71
Calculate the remainder when 430 is divided by 65.
40
Calculate the remainder when 110 is divided by 36.
2
Calculate the remainder when 1647 is divided by 75.
72
What is the remainder when 2649 is divided by 34?
31
Calculate the remainder when 91 is divided by 42.
7
What is the remainder when 718 is divided by 491?
227
Calculate the remainder when 1050 is divided by 310.
120
What is the remainder when 365 is divided by 60?
5
Calculate the remainder when 176 is divided by 27.
14
What is the remainder when 88 is divided by 15?
13
What is the remainder when 5262 is divided by 45?
42
What is the remainder when 96 is divided by 41?
14
Calculate the remainder when 829 is divided by 102.
13
Calculate the remainder when 102 is divided by 3.
0
Calculate the remainder when 294 is divided by 59.
58
Calculate the remainder when 13466 is divided by 201.
200
What is the remainder when 593 is divided by 56?
33
Calculate the remainder when 1623 is divided by 162.
3
Calculate the remainder when 132 is divided by 89.
43
Calculate the remainder when 392 is divided by 79.
76
What is the remainder when 2098 is divided by 60?
58
What is the remainder when 4762 is divided by 1583?
13
Calculate the remainder when 2565 is divided by 256.
5
Calculate the remainder when 29 is divided by 26.
3
Calculate the remainder when 2828 is divided by 236.
232
Calculate the remainder when 2819 is divided by 91.
89
What is the remainder when 91 is divided by 19?
15
What is the remainder when 190 is divided by 64?
62
What is the remainder when 190 is divided by 33?
25
What is the remainder when 730 is divided by 189?
163
Calculate the remainder when 4528 is divided by 151.
149
Calculate the remainder when 21645 is divided by 132.
129
Calculate the remainder when 17757 is divided by 166.
161
Calculate the remainder when 92 is divided by 48.
44
What is the remainder when 949 is divided by 66?
25
What is the remainder when 2669 is divided by 140?
9
Calculate the remainder when 890 is divided by 220.
10
Calculate the remainder when 3764 is divided by 209.
2
Calculate the remainder when 140 is divided by 12.
8
What is the remainder when 439 is divided by 215?
9
Calculate the remainder when 868 is divided by 111.
91
What is the remainder when 561 is divided by 141?
138
Calculate the remainder when 1519 is divided by 16.
15
What is the remainder when 14074 is divided by 69?
67
What is the remainder when 85 is divided by 46?
39
Calculate the remainder when 652 is divided by 22.
14
What is the remainder when 65 is divided by 28?
9
Calculate the remainder when 866 is divided by 144.
2
What is the remainder when 85 is divided by 22?
19
What is the remainder when 15101 is divided by 16?
13
What is the remainder when 39 is divided by 25?
14
Calculate the remainder when 492 is divided by 166.
160
What is the remainder when 8421 is divided by 117?
114
What is the remainder when 612 is divided by 14?
10
What is the remainder when 1195 is divided by 107?
18
Calculate the remainder when 21 is divided by 4.
1
What is the remainder when 70 is divided by 27?
16
What is the remainder when 820 is divided by 145?
95
What is the remainder when 130 is divided by 28?
18
Calculate the remainder when 474 is divided by 60.
54
What is the remainder when 960 is divided by 97?
87
Calculate the remainder when 2060 is divided by 409.
15
What is the remainder when 812 is divided by 162?
2
Calculate the remainder when 1157 is divided by 274.
61
Calculate the remainder when 167 is divided by 41.
3
What is the remainder when 34 is divided by 12?
10
Calculate the remainder when 298 is divided by 134.
30
What is the remainder when 510 is divided by 123?
18
Calculate the remainder when 275 is divided by 52.
15
Calculate the remainder when 12 is divided by 10.
2
Calculate the remainder when 2293 is divided by 17.
15
What is the remainder when 591 is divided by 66?
63
What is the remainder when 1316 is divided by 329?
0
What is the remainder when 2138 i